{"id":15,"date":"2024-10-26T19:40:22","date_gmt":"2024-10-26T17:40:22","guid":{"rendered":"http:\/\/altosjuniors.fr\/concours\/?page_id=15"},"modified":"2024-11-10T19:11:02","modified_gmt":"2024-11-10T18:11:02","slug":"reglement","status":"publish","type":"page","link":"https:\/\/altosjuniors.fr\/concours\/index.php\/reglement\/","title":{"rendered":"R\u00e8glement"},"content":{"rendered":"\t\t<div data-elementor-type=\"wp-page\" data-elementor-id=\"15\" class=\"elementor elementor-15\">\n\t\t\t\t<div class=\"elementor-element elementor-element-6dba9fcf e-flex e-con-boxed e-con e-parent\" data-id=\"6dba9fcf\" data-element_type=\"container\" data-e-type=\"container\">\n\t\t\t\t\t<div class=\"e-con-inner\">\n\t\t\t\t<div class=\"elementor-element elementor-element-839953e elementor-widget elementor-widget-heading\" data-id=\"839953e\" data-element_type=\"widget\" data-e-type=\"widget\" data-widget_type=\"heading.default\">\n\t\t\t\t<div class=\"elementor-widget-container\">\n\t\t\t\t\t<h2 class=\"elementor-heading-title elementor-size-default\">R\u00e8glement 2025<\/h2>\t\t\t\t<\/div>\n\t\t\t\t<\/div>\n\t\t\t\t<div class=\"elementor-element elementor-element-278174cd elementor-widget elementor-widget-text-editor\" data-id=\"278174cd\" data-element_type=\"widget\" data-e-type=\"widget\" data-widget_type=\"text-editor.default\">\n\t\t\t\t<div class=\"elementor-widget-container\">\n\t\t\t\t\t\t\t\t\t<p><\/p>\n<p><em>Article 1<\/em>\u00a0: Le\u00a0<strong>Concours d&rsquo;alto Pierre Lefebvre 2025<\/strong>\u00a0(anciennement: Altos Juniors) organis\u00e9 par l\u2019Association \u00ab\u00a0Les Altos du Grand Sud-Ouest\u00a0\u00bb se d\u00e9roulera au :<\/p>\n<p><\/p>\n<p>Conservatoire de Musique, Danse et Th\u00e9\u00e2tre Maurice Ravel &#8211; 1 rue Schoelcher 47200 Marmande.<\/p>\n<p><\/p>\n<p><em>Article 2<\/em>\u00a0: Le concours est ouvert aux candidats inscrits dans des classes d\u2019alto (CRR, CRD, CRM ou association).<\/p>\n<p><\/p>\n<p><em>Article 3<\/em>\u00a0: Le concours se d\u00e9roulera par niveau de chaque candidat de la 1<sup>\u00e8re<\/sup>\u00a0\u00e0 la 10<sup>\u00e8me<\/sup>\u00a0ann\u00e9e.<\/p>\n<p><\/p>\n<p><em>Article 4<\/em>\u00a0: Les Prix du concours sont attribu\u00e9s aux candidats qui obtiennent la mention \u00ab\u00a0Tr\u00e8s Bien \u00e0 l\u2019Unanimit\u00e9\u00a0\u00bb. L\u2019association \u00ab Les Alto du Grand Sud-Ouest \u00bb se r\u00e9serve la possibilit\u00e9 de modifier le nombre de prix en fonction des parrainages obtenus pour l\u2019organisation du concours.<\/p>\n<p><\/p>\n<p><em>Article 5<\/em>\u00a0: La date limite d&rsquo;inscription est fix\u00e9e au\u00a0<strong>23 mars 2025<\/strong>.<\/p>\n<p><\/p>\n<p><em>Article 6<\/em>\u00a0: Un(e) pianiste sera mis(e) \u00e0 la disposition des candidats le matin pour permettre aux candidats des niveaux 8 et plus de r\u00e9p\u00e9ter. Les candidats des niveaux 1 \u00e0 7 inclus devront avoir r\u00e9p\u00e9t\u00e9s dans leurs conservatoires respectifs.<\/p>\n<p><\/p>\n<p><em>Article 7<\/em>\u00a0: L&rsquo;Association \u00abLes Altos du Grand Sud-Ouest\u00a0\u00bb se r\u00e9serve le droit d&rsquo;annuler le concours en cas de nombre insuffisant de candidats.<\/p>\n<p><\/p>\n<p><em>Article 8<\/em>\u00a0: Le Jury se r\u00e9serve le droit de ne pas attribuer tous les prix. En cas de litige, la voix du pr\u00e9sident est pr\u00e9pond\u00e9rante. Les d\u00e9cisions du jury sont sans appel. Aucune r\u00e9clamation ne sera admise.<\/p>\n<p><\/p>\n<p><em>Article 9\u00a0<\/em>: Le jury est compos\u00e9 de professeurs ayant des \u00e9l\u00e8ves inscrits au concours. Les membres du jury n\u2019ont pas le droit de participer au vote pour leurs propres \u00e9l\u00e8ves.<\/p>\n<p><\/p>\n<p><em>Article 10<\/em>\u00a0: Les photocopies sont interdites (Loi du 11\/3\/57 code p\u00e9nal art.525)<\/p>\n<p><\/p>\n<p><em>Article 11<\/em> : <strong>Les droits d&rsquo;inscription, fix\u00e9s \u00e0 30\u20ac<\/strong> (comprenant l&rsquo;adh\u00e9sion \u00e0 l&rsquo;Association), ne seront ni rembours\u00e9s, ni report\u00e9s en cas de d\u00e9mission du candidat.<\/p>\n<p><\/p>\n<p>Article 11bis : Le ch\u00e8que pour les droits d&rsquo;inscription sont \u00e0 adresser \u00e0: Les Altos du Grand Sud-Ouest &#8211; 101 route du Grezt &#8211; 47430 AINTE MARTHE<\/p>\n<p><\/p>\n<p><em>Article 12<\/em>\u00a0: l&rsquo;h\u00e9bergement et les repas sont \u00e0 la charge du candidat<\/p>\n<p><\/p>\n<p><em>Article 12<\/em>\u00a0: Les inscriptions peuvent se faire de deux fa\u00e7ons:<\/p>\n<p><\/p>\n<p>\u00a0 \u00a0 \u00a0 \u00a0 \u00a0 \u00a0 \u00a0 \u00a0 1\/ avec le Bulletin papier <strong><a href=\"https:\/\/altosjuniors.fr\/concours\/index.php\/bulletin-dinscription\/\">ICI<\/a><\/strong><\/p>\n<p><\/p>\n<p>\u00a0 \u00a0 \u00a0 \u00a0 \u00a0 \u00a0 \u00a0 \u00a0 2\/ en remplissant le <strong><a href=\"https:\/\/altosjuniors.fr\/concours\/index.php\/formulaire\/\">ICI<\/a><\/strong><\/p>\n<p><\/p>\n<p><\/p>\t\t\t\t\t\t\t\t<\/div>\n\t\t\t\t<\/div>\n\t\t\t\t\t<\/div>\n\t\t\t\t<\/div>\n\t\t<div class=\"elementor-element elementor-element-9386b62 e-grid e-con-boxed e-con e-parent\" data-id=\"9386b62\" data-element_type=\"container\" data-e-type=\"container\">\n\t\t\t\t\t<div class=\"e-con-inner\">\n\t\t\t\t<div class=\"elementor-element elementor-element-7eb4a4f elementor-widget elementor-widget-image\" data-id=\"7eb4a4f\" data-element_type=\"widget\" data-e-type=\"widget\" data-widget_type=\"image.default\">\n\t\t\t\t<div class=\"elementor-widget-container\">\n\t\t\t\t\t\t\t\t\t\t\t\t<figure class=\"wp-caption\">\n\t\t\t\t\t\t\t\t\t\t\t<a href=\"https:\/\/altosjuniors.fr\/concours\/\">\n\t\t\t\t\t\t\t<img decoding=\"async\" width=\"256\" height=\"98\" src=\"https:\/\/altosjuniors.fr\/concours\/wp-content\/uploads\/2024\/10\/icone-Alto-trans.png\" class=\"attachment-large size-large wp-image-297\" alt=\"\" \/>\t\t\t\t\t\t\t\t<\/a>\n\t\t\t\t\t\t\t\t\t\t\t<figcaption class=\"widget-image-caption wp-caption-text\">Accueil<\/figcaption>\n\t\t\t\t\t\t\t\t\t\t<\/figure>\n\t\t\t\t\t\t\t\t\t<\/div>\n\t\t\t\t<\/div>\n\t\t\t\t<div class=\"elementor-element elementor-element-5e45f76 elementor-widget elementor-widget-image\" data-id=\"5e45f76\" data-element_type=\"widget\" data-e-type=\"widget\" data-widget_type=\"image.default\">\n\t\t\t\t<div class=\"elementor-widget-container\">\n\t\t\t\t\t\t\t\t\t\t\t\t<figure class=\"wp-caption\">\n\t\t\t\t\t\t\t\t\t\t\t<a href=\"https:\/\/altosjuniors.fr\/concours\/index.php\/formulaire\/\">\n\t\t\t\t\t\t\t<img decoding=\"async\" width=\"256\" height=\"98\" src=\"https:\/\/altosjuniors.fr\/concours\/wp-content\/uploads\/2024\/10\/icone-Alto-trans.png\" class=\"attachment-2048x2048 size-2048x2048 wp-image-297\" alt=\"\" \/>\t\t\t\t\t\t\t\t<\/a>\n\t\t\t\t\t\t\t\t\t\t\t<figcaption class=\"widget-image-caption wp-caption-text\">Inscription en ligne<\/figcaption>\n\t\t\t\t\t\t\t\t\t\t<\/figure>\n\t\t\t\t\t\t\t\t\t<\/div>\n\t\t\t\t<\/div>\n\t\t\t\t<div class=\"elementor-element elementor-element-b4116b2 elementor-widget elementor-widget-image\" data-id=\"b4116b2\" data-element_type=\"widget\" data-e-type=\"widget\" data-widget_type=\"image.default\">\n\t\t\t\t<div class=\"elementor-widget-container\">\n\t\t\t\t\t\t\t\t\t\t\t\t<figure class=\"wp-caption\">\n\t\t\t\t\t\t\t\t\t\t\t<a href=\"https:\/\/altosjuniors.fr\/concours\/index.php\/lieu\/\">\n\t\t\t\t\t\t\t<img decoding=\"async\" width=\"256\" height=\"98\" src=\"https:\/\/altosjuniors.fr\/concours\/wp-content\/uploads\/2024\/10\/icone-Alto-trans.png\" class=\"attachment-large size-large wp-image-297\" alt=\"\" \/>\t\t\t\t\t\t\t\t<\/a>\n\t\t\t\t\t\t\t\t\t\t\t<figcaption class=\"widget-image-caption wp-caption-text\">Lieu du concours<\/figcaption>\n\t\t\t\t\t\t\t\t\t\t<\/figure>\n\t\t\t\t\t\t\t\t\t<\/div>\n\t\t\t\t<\/div>\n\t\t\t\t\t<\/div>\n\t\t\t\t<\/div>\n\t\t\t\t<\/div>\n\t\t","protected":false},"excerpt":{"rendered":"<p>R\u00e8glement 2025 Article 1\u00a0: Le\u00a0Concours d&rsquo;alto Pierre Lefebvre 2025\u00a0(anciennement: Altos Juniors) organis\u00e9 par l\u2019Association \u00ab\u00a0Les Altos du Grand Sud-Ouest\u00a0\u00bb se d\u00e9roulera au : Conservatoire de Musique, Danse et Th\u00e9\u00e2tre Maurice Ravel &#8211; 1 rue Schoelcher 47200 Marmande. Article 2\u00a0: Le concours est ouvert aux candidats inscrits dans des classes d\u2019alto (CRR, CRD, CRM ou association). [&hellip;]<\/p>\n","protected":false},"author":1,"featured_media":0,"parent":0,"menu_order":0,"comment_status":"closed","ping_status":"closed","template":"","meta":{"footnotes":""},"class_list":["post-15","page","type-page","status-publish","hentry"],"yoast_head":"<!-- This site is optimized with the Yoast SEO plugin v27.3 - https:\/\/yoast.com\/product\/yoast-seo-wordpress\/ -->\n<title>R\u00e8glement - Concours d&#039;Alto Pierre Lefebvre<\/title>\n<meta name=\"robots\" content=\"index, follow, max-snippet:-1, max-image-preview:large, max-video-preview:-1\" \/>\n<link rel=\"canonical\" href=\"https:\/\/altosjuniors.fr\/concours\/index.php\/reglement\/\" \/>\n<meta property=\"og:locale\" content=\"fr_FR\" \/>\n<meta property=\"og:type\" content=\"article\" \/>\n<meta property=\"og:title\" content=\"R\u00e8glement - Concours d&#039;Alto Pierre Lefebvre\" \/>\n<meta property=\"og:description\" content=\"R\u00e8glement 2025 Article 1\u00a0: Le\u00a0Concours d&rsquo;alto Pierre Lefebvre 2025\u00a0(anciennement: Altos Juniors) organis\u00e9 par l\u2019Association \u00ab\u00a0Les Altos du Grand Sud-Ouest\u00a0\u00bb se d\u00e9roulera au : Conservatoire de Musique, Danse et Th\u00e9\u00e2tre Maurice Ravel &#8211; 1 rue Schoelcher 47200 Marmande. Article 2\u00a0: Le concours est ouvert aux candidats inscrits dans des classes d\u2019alto (CRR, CRD, CRM ou association). [&hellip;]\" \/>\n<meta property=\"og:url\" content=\"https:\/\/altosjuniors.fr\/concours\/index.php\/reglement\/\" \/>\n<meta property=\"og:site_name\" content=\"Concours d&#039;Alto Pierre Lefebvre\" \/>\n<meta property=\"article:modified_time\" content=\"2024-11-10T18:11:02+00:00\" \/>\n<meta property=\"og:image\" content=\"http:\/\/altosjuniors.fr\/concours\/wp-content\/uploads\/2024\/10\/icone-Alto-trans.png\" \/>\n<meta name=\"twitter:card\" content=\"summary_large_image\" \/>\n<meta name=\"twitter:label1\" content=\"Dur\u00e9e de lecture estim\u00e9e\" \/>\n\t<meta name=\"twitter:data1\" content=\"3 minutes\" \/>\n<script type=\"application\/ld+json\" class=\"yoast-schema-graph\">{\"@context\":\"https:\\\/\\\/schema.org\",\"@graph\":[{\"@type\":\"WebPage\",\"@id\":\"https:\\\/\\\/altosjuniors.fr\\\/concours\\\/index.php\\\/reglement\\\/\",\"url\":\"https:\\\/\\\/altosjuniors.fr\\\/concours\\\/index.php\\\/reglement\\\/\",\"name\":\"R\u00e8glement - Concours d&#039;Alto Pierre Lefebvre\",\"isPartOf\":{\"@id\":\"https:\\\/\\\/altosjuniors.fr\\\/concours\\\/#website\"},\"primaryImageOfPage\":{\"@id\":\"https:\\\/\\\/altosjuniors.fr\\\/concours\\\/index.php\\\/reglement\\\/#primaryimage\"},\"image\":{\"@id\":\"https:\\\/\\\/altosjuniors.fr\\\/concours\\\/index.php\\\/reglement\\\/#primaryimage\"},\"thumbnailUrl\":\"http:\\\/\\\/altosjuniors.fr\\\/concours\\\/wp-content\\\/uploads\\\/2024\\\/10\\\/icone-Alto-trans.png\",\"datePublished\":\"2024-10-26T17:40:22+00:00\",\"dateModified\":\"2024-11-10T18:11:02+00:00\",\"breadcrumb\":{\"@id\":\"https:\\\/\\\/altosjuniors.fr\\\/concours\\\/index.php\\\/reglement\\\/#breadcrumb\"},\"inLanguage\":\"fr-FR\",\"potentialAction\":[{\"@type\":\"ReadAction\",\"target\":[\"https:\\\/\\\/altosjuniors.fr\\\/concours\\\/index.php\\\/reglement\\\/\"]}]},{\"@type\":\"ImageObject\",\"inLanguage\":\"fr-FR\",\"@id\":\"https:\\\/\\\/altosjuniors.fr\\\/concours\\\/index.php\\\/reglement\\\/#primaryimage\",\"url\":\"https:\\\/\\\/altosjuniors.fr\\\/concours\\\/wp-content\\\/uploads\\\/2024\\\/10\\\/icone-Alto-trans.png\",\"contentUrl\":\"https:\\\/\\\/altosjuniors.fr\\\/concours\\\/wp-content\\\/uploads\\\/2024\\\/10\\\/icone-Alto-trans.png\",\"width\":256,\"height\":98},{\"@type\":\"BreadcrumbList\",\"@id\":\"https:\\\/\\\/altosjuniors.fr\\\/concours\\\/index.php\\\/reglement\\\/#breadcrumb\",\"itemListElement\":[{\"@type\":\"ListItem\",\"position\":1,\"name\":\"Accueil\",\"item\":\"https:\\\/\\\/altosjuniors.fr\\\/concours\\\/\"},{\"@type\":\"ListItem\",\"position\":2,\"name\":\"R\u00e8glement\"}]},{\"@type\":\"WebSite\",\"@id\":\"https:\\\/\\\/altosjuniors.fr\\\/concours\\\/#website\",\"url\":\"https:\\\/\\\/altosjuniors.fr\\\/concours\\\/\",\"name\":\"Concours d'Alto Pierre Lefebvre\",\"description\":\"Vive l&#039;ALTO !\",\"publisher\":{\"@id\":\"https:\\\/\\\/altosjuniors.fr\\\/concours\\\/#organization\"},\"alternateName\":\"Apparailly\",\"potentialAction\":[{\"@type\":\"SearchAction\",\"target\":{\"@type\":\"EntryPoint\",\"urlTemplate\":\"https:\\\/\\\/altosjuniors.fr\\\/concours\\\/?s={search_term_string}\"},\"query-input\":{\"@type\":\"PropertyValueSpecification\",\"valueRequired\":true,\"valueName\":\"search_term_string\"}}],\"inLanguage\":\"fr-FR\"},{\"@type\":\"Organization\",\"@id\":\"https:\\\/\\\/altosjuniors.fr\\\/concours\\\/#organization\",\"name\":\"Concours d'Alto Pierre Lefebvre\",\"alternateName\":\"Apparailly\",\"url\":\"https:\\\/\\\/altosjuniors.fr\\\/concours\\\/\",\"logo\":{\"@type\":\"ImageObject\",\"inLanguage\":\"fr-FR\",\"@id\":\"https:\\\/\\\/altosjuniors.fr\\\/concours\\\/#\\\/schema\\\/logo\\\/image\\\/\",\"url\":\"https:\\\/\\\/altosjuniors.fr\\\/concours\\\/wp-content\\\/uploads\\\/2024\\\/10\\\/Logo.png\",\"contentUrl\":\"https:\\\/\\\/altosjuniors.fr\\\/concours\\\/wp-content\\\/uploads\\\/2024\\\/10\\\/Logo.png\",\"width\":534,\"height\":534,\"caption\":\"Concours d'Alto Pierre Lefebvre\"},\"image\":{\"@id\":\"https:\\\/\\\/altosjuniors.fr\\\/concours\\\/#\\\/schema\\\/logo\\\/image\\\/\"}}]}<\/script>\n<!-- \/ Yoast SEO plugin. -->","yoast_head_json":{"title":"R\u00e8glement - Concours d&#039;Alto Pierre Lefebvre","robots":{"index":"index","follow":"follow","max-snippet":"max-snippet:-1","max-image-preview":"max-image-preview:large","max-video-preview":"max-video-preview:-1"},"canonical":"https:\/\/altosjuniors.fr\/concours\/index.php\/reglement\/","og_locale":"fr_FR","og_type":"article","og_title":"R\u00e8glement - Concours d&#039;Alto Pierre Lefebvre","og_description":"R\u00e8glement 2025 Article 1\u00a0: Le\u00a0Concours d&rsquo;alto Pierre Lefebvre 2025\u00a0(anciennement: Altos Juniors) organis\u00e9 par l\u2019Association \u00ab\u00a0Les Altos du Grand Sud-Ouest\u00a0\u00bb se d\u00e9roulera au : Conservatoire de Musique, Danse et Th\u00e9\u00e2tre Maurice Ravel &#8211; 1 rue Schoelcher 47200 Marmande. Article 2\u00a0: Le concours est ouvert aux candidats inscrits dans des classes d\u2019alto (CRR, CRD, CRM ou association). [&hellip;]","og_url":"https:\/\/altosjuniors.fr\/concours\/index.php\/reglement\/","og_site_name":"Concours d&#039;Alto Pierre Lefebvre","article_modified_time":"2024-11-10T18:11:02+00:00","og_image":[{"url":"http:\/\/altosjuniors.fr\/concours\/wp-content\/uploads\/2024\/10\/icone-Alto-trans.png","type":"","width":"","height":""}],"twitter_card":"summary_large_image","twitter_misc":{"Dur\u00e9e de lecture estim\u00e9e":"3 minutes"},"schema":{"@context":"https:\/\/schema.org","@graph":[{"@type":"WebPage","@id":"https:\/\/altosjuniors.fr\/concours\/index.php\/reglement\/","url":"https:\/\/altosjuniors.fr\/concours\/index.php\/reglement\/","name":"R\u00e8glement - Concours d&#039;Alto Pierre Lefebvre","isPartOf":{"@id":"https:\/\/altosjuniors.fr\/concours\/#website"},"primaryImageOfPage":{"@id":"https:\/\/altosjuniors.fr\/concours\/index.php\/reglement\/#primaryimage"},"image":{"@id":"https:\/\/altosjuniors.fr\/concours\/index.php\/reglement\/#primaryimage"},"thumbnailUrl":"http:\/\/altosjuniors.fr\/concours\/wp-content\/uploads\/2024\/10\/icone-Alto-trans.png","datePublished":"2024-10-26T17:40:22+00:00","dateModified":"2024-11-10T18:11:02+00:00","breadcrumb":{"@id":"https:\/\/altosjuniors.fr\/concours\/index.php\/reglement\/#breadcrumb"},"inLanguage":"fr-FR","potentialAction":[{"@type":"ReadAction","target":["https:\/\/altosjuniors.fr\/concours\/index.php\/reglement\/"]}]},{"@type":"ImageObject","inLanguage":"fr-FR","@id":"https:\/\/altosjuniors.fr\/concours\/index.php\/reglement\/#primaryimage","url":"https:\/\/altosjuniors.fr\/concours\/wp-content\/uploads\/2024\/10\/icone-Alto-trans.png","contentUrl":"https:\/\/altosjuniors.fr\/concours\/wp-content\/uploads\/2024\/10\/icone-Alto-trans.png","width":256,"height":98},{"@type":"BreadcrumbList","@id":"https:\/\/altosjuniors.fr\/concours\/index.php\/reglement\/#breadcrumb","itemListElement":[{"@type":"ListItem","position":1,"name":"Accueil","item":"https:\/\/altosjuniors.fr\/concours\/"},{"@type":"ListItem","position":2,"name":"R\u00e8glement"}]},{"@type":"WebSite","@id":"https:\/\/altosjuniors.fr\/concours\/#website","url":"https:\/\/altosjuniors.fr\/concours\/","name":"Concours d'Alto Pierre Lefebvre","description":"Vive l&#039;ALTO !","publisher":{"@id":"https:\/\/altosjuniors.fr\/concours\/#organization"},"alternateName":"Apparailly","potentialAction":[{"@type":"SearchAction","target":{"@type":"EntryPoint","urlTemplate":"https:\/\/altosjuniors.fr\/concours\/?s={search_term_string}"},"query-input":{"@type":"PropertyValueSpecification","valueRequired":true,"valueName":"search_term_string"}}],"inLanguage":"fr-FR"},{"@type":"Organization","@id":"https:\/\/altosjuniors.fr\/concours\/#organization","name":"Concours d'Alto Pierre Lefebvre","alternateName":"Apparailly","url":"https:\/\/altosjuniors.fr\/concours\/","logo":{"@type":"ImageObject","inLanguage":"fr-FR","@id":"https:\/\/altosjuniors.fr\/concours\/#\/schema\/logo\/image\/","url":"https:\/\/altosjuniors.fr\/concours\/wp-content\/uploads\/2024\/10\/Logo.png","contentUrl":"https:\/\/altosjuniors.fr\/concours\/wp-content\/uploads\/2024\/10\/Logo.png","width":534,"height":534,"caption":"Concours d'Alto Pierre Lefebvre"},"image":{"@id":"https:\/\/altosjuniors.fr\/concours\/#\/schema\/logo\/image\/"}}]}},"_links":{"self":[{"href":"https:\/\/altosjuniors.fr\/concours\/index.php\/wp-json\/wp\/v2\/pages\/15","targetHints":{"allow":["GET"]}}],"collection":[{"href":"https:\/\/altosjuniors.fr\/concours\/index.php\/wp-json\/wp\/v2\/pages"}],"about":[{"href":"https:\/\/altosjuniors.fr\/concours\/index.php\/wp-json\/wp\/v2\/types\/page"}],"author":[{"embeddable":true,"href":"https:\/\/altosjuniors.fr\/concours\/index.php\/wp-json\/wp\/v2\/users\/1"}],"replies":[{"embeddable":true,"href":"https:\/\/altosjuniors.fr\/concours\/index.php\/wp-json\/wp\/v2\/comments?post=15"}],"version-history":[{"count":26,"href":"https:\/\/altosjuniors.fr\/concours\/index.php\/wp-json\/wp\/v2\/pages\/15\/revisions"}],"predecessor-version":[{"id":410,"href":"https:\/\/altosjuniors.fr\/concours\/index.php\/wp-json\/wp\/v2\/pages\/15\/revisions\/410"}],"wp:attachment":[{"href":"https:\/\/altosjuniors.fr\/concours\/index.php\/wp-json\/wp\/v2\/media?parent=15"}],"curies":[{"name":"wp","href":"https:\/\/api.w.org\/{rel}","templated":true}]}}